e first derivative of 6*d**2 + 11*d - 25. Is 14 a factor of h(5)?
False
Suppose u - 12 + 82 = -4*r, 0 = 3*u + 5*r + 217. Let b = u + 138. Does 4 divide b?
True
Let p(i) = -7*i - 7. Let s be p(-5). Let a be 7/s - 38/(-8). Suppose a*f + 34 - 214 = 0. Does 12 divide f?
True
Let o = -611 + 2815. Is 76 a factor of o?
True
Suppose -16*c - 2652 = -20*c + 3*i, -5*c - 5*i = -3280. Does 33 divide c?
True
Let r(w) = -10*w + 35. Let m(t) = 2*t - 7. Let o(q) = 11*m(q) + 2*r(q). Suppose 2*h + 0*b + 2*b - 32 = 0, 5*b + 4 = h. Does 21 divide o(h)?
True
Suppose u - 3 - 2 = 0, -11 = 3*b - 4*u. Let f = -3 + b. Suppose 7*j - 55 + 13 = f. Is j a multiple of 6?
True
Suppose -v - 5 = 0, 2*z - 3*z - 2*v = 7. Suppose z*x - 47 = 331. Is x a multiple of 14?
True
Let o(b) = -b**3 + 20*b**2 - 44*b - 21. Is o(14) a multiple of 6?
False
Suppose -276*y = -278*y + 496. Is y a multiple of 12?
False
Let g(n) = 2*n**3 - 2*n**2 + 3*n. Let u be g(3). Suppose -4*w - 3*k + 0*k = -185, w + k - u = 0. Does 10 divide w?
True
Let a = -83 + 128. Is 6 a factor of (8/5)/(6/a)?
True
Suppose 4*m = 4, -2*m = -5*p - 3*m - 4. Does 12 divide 4 - 7 - p*64?
False
Suppose 4*j = -5*t + 22, 2*t - 3*j + 6 = 1. Let d(n) = 42*n + 3. Does 29 divide d(t)?
True
Suppose 5*r + 721 - 2837 = 4*d, -5*r = 5*d - 2080. Is r a multiple of 45?
False
Let v(t) = t + 6. Let c be v(-6). Suppose -2 = -2*i + 2*d, -2*d + c*d - 7 = -3*i. Suppose 2*w + i*y + 19 = 91, 0 = 4*w + y - 180. Is 27 a factor of w?
False
Let d(h) = 23*h - 137. Is d(33) a multiple of 12?
False
Suppose 0 = -2*k - k + 21. Suppose -j - k = 5*q, 3*j - 5*q + 6*q = 7. Is 14 a factor of (294/(-8))/(j/(-8))?
True
Is 4587/21 - ((-30)/(-21) + -2) a multiple of 40?
False
Let b = -11 - 1. Let s(u) = -u**3 - 11*u**2 + 4*u - 24. Does 11 divide s(b)?
False
Suppose 0 = 2*i + i - 51. Suppose -5*y - 5*p + i = 137, -y - 39 = -4*p. Let q = 65 + y. Is 8 a factor of q?
False
Suppose -31*f + 37*f - 6240 = 0. Is f a multiple of 52?
True
Let x be -6*6/9*1 - -2. Does 50 divide (500/x)/(0 - 1)?
True
Suppose 28*k - 11117 = -2829. Is 13 a factor of k?
False
Is ((-6)/21)/(2/(-8106)) a multiple of 40?
False
Let d be (-156)/(-7) - 6/21. Is 23 a factor of (d/(-6) - 4)*-9?
True
Suppose 0 = 4*l + l + 40. Let x = 14 + l. Is x even?
True
Suppose 0 = 2*r + 2, 724 = 2*j - 3*r - 237. Suppose 5*f - j = 201. Is f a multiple of 8?
True
Let j(q) = q - 1. Let v(l) = -15*l + 20. Let c(a) = -102*j(a) - 6*v(a). Is c(-4) a multiple of 20?
False
Let f(z) = 78*z**2 - 5*z + 12. Is f(-4) a multiple of 80?
True
Suppose 16*l - 6*l - 580 = 0. Suppose -l = 5*y - 358. Does 4 divide y?
True
Let q be (-6)/21 + 366/7. Suppose 4*l - 5*r = -89, 0 = -5*l + 5*r - 3*r - 90. Let s = l + q. Is s a multiple of 18?
True
Let f(t) be the first derivative of -65*t**4/4 + 2*t**3/3 + t**2/2 - 9. Is 50 a factor of f(-1)?
False
Suppose j - 3 = 2. Suppose -5*i + 3 = -5*s - 2, -2*s - 11 = -j*i. Is i a multiple of 3?
True
Let s(i) = 16*i**2 - 25*i - 110. Does 20 divide s(16)?
False
Suppose 5*p - 3 = s + 2*p, -5 = -3*s + 2*p. Let h be 131 + (s - 6) + -2. Suppose -a - 85 = -3*z, -a + h = 4*z + 4*a. Is 8 a factor of z?
False
Suppose 343 = 2*l + 2*j - 587, -1400 = -3*l - 4*j. Is l a multiple of 12?
False
Let b = 188 - 121. Suppose 3*t + 115 = 5*a + 3, -3*a = -2*t - b. Does 3 divide a?
False
Suppose -y + 149 = 3*i, -y + i + 177 = -3*i. Does 23 divide y?
True
Suppose -38*k = -7556 - 27860. Is k a multiple of 9?
False
Let w be 12 + -8 + -3 + 1. Let b(a) = -3*a + a - 5 - a + w*a**2. Is 5 a factor of b(4)?
True
Suppose -89*p + 97*p = 6888. Is p a multiple of 26?
False
Suppose -14*p - 4*p + 10386 = 0. Is 39 a factor of p?
False
Let g be -4 + 0/(-2)*1. Let x be 6/(-8)*(g + 0). Suppose -5*o = -x*o - 194. Does 23 divide o?
False
Let c(p) = 56*p. Let t be c(8). Suppose -3*w = -7*w - t. Let f = -60 - w. Is 6 a factor of f?
False
Let k(f) = f - 26. Let u be k(-5). Let a = u - -85. Is a a multiple of 18?
True
Let o be 1/(16/(-12))*-76. Let s = o - -4. Does 23 divide s?
False
Let o(c) = 2*c**2 + 10*c - 1. Let s(p) = p**2 + 6*p + 2. Let q be s(-4). Let l(n) = -n**2 - 4*n + 5. Let z be l(q). Is 9 a factor of o(z)?
True
Let o(z) be the second derivative of z**5/120 + 2*z**4/3 - z**3/6 + 5*z. Let r(s) be the second derivative of o(s). Does 13 divide r(13)?
False
Suppose 2*c = -3*f + 2493, 2948 + 3297 = 5*c - 5*f. Does 27 divide c?
False
Let b(y) = -y**2 - 41*y + 150. Is 90 a factor of b(-26)?
True
Let i(w) = -6*w - 34. Let k(g) = -g**3 + g**2 + g + 5. Let z be k(3). Is i(z) a multiple of 21?
False
Let x(w) = 1 + 4*w - 2*w - 3*w + 22*w**2. Let c be x(2). Suppose -c = -4*t + 1. Is t a multiple of 14?
False
Let v = -263 - -373. Does 10 divide v?
True
Let m(w) be the first derivative of 4*w**3/3 - 5*w**2/2 - 3*w - 13. Is 6 a factor of m(3)?
True
Let z(g) = -g**2 + 12*g - 7. Let h be z(11). Is 17 a factor of (-10)/3 + h + (-406)/(-3)?
True
Let w(y) = 18*y + 1. Let r be w(-3). Let k = r + 78. Suppose 2*b - 6 = -5*s - 2, 5*s = 5*b + k. Is s a multiple of 2?
True
Suppose 88 = 5*j - 1537. Is j a multiple of 4?
False
Let m(x) = x**3 - 22*x**2 + 35*x - 69. Is m(21) a multiple of 2?
False
Let a(f) = 34*f**2 - 37*f - 8. Does 19 divide a(10)?
False
Suppose -3*l + 2*c + 380 = 0, 250 = 3*l - l - 2*c. Is l a multiple of 13?
True
Suppose 5*u - 296 = -116. Let m be 6/u + 101/6. Let t = 28 - m. Is 6 a factor of t?
False
Suppose -10*y - 2*d + 79 = -9*y, d = y - 76. Suppose 3*a = 4*m - y, -4*a - 16 = -4*m + 3*m. Is 17 a factor of m?
False
Let q(w) be the third derivative of 0 + 10*w**2 + 0*w - w**3 - 7/12*w**4. Is 23 a factor of q(-7)?
True
Let i = 503 - 48. Does 16 divide i?
False
Suppose 12*q - 3641 = 9*q + w, -5*q + 6071 = -w. Does 15 divide q?
True
Suppose 0 = 5*d - 384 - 556. Suppose -5*a = -217 - d. Is 20 a factor of a?
False
Suppose -4*c + 61 = -5*c. Let z = 160 + c. Suppose -2*m = -5*b - z, 0 = -2*m - 0*m + 2*b + 96. Does 9 divide m?
False
Suppose -2*h - 500 = -7*h. Suppose v + 22 = l - 16, -3*l = 4*v - h. Is 12 a factor of l?
True
Suppose 5*j = 20, i + 2*j - 2 - 10 = 0. Suppose 0 = 5*l + t - 625, 0*t - 501 = -i*l - t. Is l a multiple of 31?
True
Suppose 0 = 4*r - 8, -4*v - 2*r + 1500 = 0. Is v a multiple of 49?
False
Let l = 1263 - 698. Is 32 a factor of l?
False
Suppose 0*n + 4*n = 4*w + 1928, w + 466 = 5*n. Let h = -258 - w. Is 12 a factor of h?
True
Let v(g) = -g**3 + 12*g**2 - g + 11. Let h be v(12). Let i = h + 5. Suppose i*n = 84 + 28. Is 7 a factor of n?
True
Suppose 12*l + 5*l = 11458. Is 21 a factor of l?
False
Let p = 605 + -243. Does 12 divide p?
False
Suppose 2*b + b = 4*m - 47, 4 = -4*b. Let q = m + -21. Let n = 30 + q. Does 4 divide n?
True
Let h = -410 - -765. Is 14 a factor of h?
False
Let j be 75*(-6)/27*-3. Let d = 175 - j. Is 27 a factor of d?
False
Let r = -3868 - -6766. Is 68 a factor of r?
False
Suppose 24*a - 21*a - 195 = 0. Does 11 divide a?
False
Is 29 a factor of (-2)/13 - (-203301)/637?
True
Let r = -20 + 57. Let y be 2/(((-36)/8)/(-9)). Suppose r + 27 = y*m. Does 8 divide m?
True
Let t be 6/4*20/15. Suppose 78 = t*w - 4*x, -3*w - 5 = x - 150. Suppose 4*j - 2*o - 144 = 0, 3*j - 2*o - w - 63 = 0. Is 17 a factor of j?
True
Is 64 a factor of ((-256)/3)/(-11 + (-194)/(-18))?
True
Suppose 3*a = 6 - 0. Suppose a*g - 12 = -2*g, -2*g + 6 = 4*i. Suppose i = 3*j + 2*j - 230. Is 12 a factor of j?
False
Suppose -d + 45 = -51. Let b = d + 1. Is b a multiple of 15?
False
Suppose z = 2*j - 5, 0*j - 2*j = -3*z + 1. Suppose z = 2*s + 1. Suppose 0 = 4*u - s - 7. Is 2 a factor of u?
True
Let f be 21*((-2)/(-6))/(-1). Let k be (-100 - f)*1/(-3). Is 7 a factor of 3/(-4) - k/(-4)?
True
Let w = 51 + -51. Suppose w = 4*j - 4*b - 852, 0 = -4*j + j - 2*b + 634. Is j a multiple of 49?
False
Suppose -4*z - 85 = 51. Let w = 56 + z. Does 22 divide w?
True
Let f be 9/45 + 81/(-5). Let k(x) = -24*x**2 - 16*x + 7*x**2 + 0*x**3 - x**3 + 15. Does 3 divide k(f)?
True
Let g(d) = -d**3 + d**2 + 2*d + 1. Let q be g(2). Suppose f + x - 8 + q = 0, 5*f - 2*x = 0. Suppose 0 = z - 9 + f. Is z a multiple of 7?
True
Suppose -6*m = -3*h - 3*m + 36, -69 = -5*h - 4*m. Suppose 230 - 1829 = -h*v. Does 41 divide v?
True
Let m(s) = -s**3 - 2*s**2 + 3*s + 2. Let d be m(-3). Let q be -4*(-1)/(d/164). Let j = q - 232. Is j a multiple of 26?
False
Suppose -5*o - 8 = -23. Suppose o*r + 12 